Let l = q + -403. Calculate the greatest common divisor of l and 4.
4
Let k = 77 + -42. Suppose 0 = -0*f + 5*f + 10. Let p be 1/f*2*-5. Calculate the highest common factor of k and p.
5
Let t = -153 + 152. Let c be (-21)/6*(t + (-225)/35). What is the greatest common factor of c and 4?
2
Suppose 5*c + 4*d + 52 = -0*d, -8 = -4*d. Let i = c + -36. Let h be (i/60)/((-1)/55*1). What is the greatest common factor of 11 and h?
11
Let q = 32244 + -32174. What is the greatest common factor of 350 and q?
70
Let u = -34 - 39. Let b = u + 122. Let p = b - 21. Calculate the greatest common divisor of 4 and p.
4
Let d be (-107)/1 + 92/23. Let f = -44 - d. What is the greatest common factor of 531 and f?
59
Suppose 50*t + 2932 - 6792 = 2290. Calculate the highest common divisor of 369 and t.
123
Let p be (-161 + 3)*25/10. Let m = -325 - p. What is the greatest common factor of m and 105?
35
Let v(n) = n**2 - 6*n - 25. Let o be v(9). Suppose -4*w = -15 - 17. Suppose -2*d + w = o*d. What is the highest common factor of d and 10?
2
Let a = -31 - -121. Suppose -5*f + a = -3*f. Let g be 403/13 + (-242)/11. Calculate the greatest common factor of f and g.
9
Let b = 31637 - 17021. What is the greatest common factor of b and 12?
12
Let a be 1*(-2 - (-4 + 3)) + 722. Suppose -4*f + a = 2*r + 147, 3*r = -3. Calculate the highest common factor of f and 96.
48
Let a = -14 + 18. Suppose -2*z - a*z + 18 = 0. Suppose z*k - 45 - 27 = 0. What is the greatest common divisor of 6 and k?
6
Let r(w) = -w**3 - 6*w**2 + 24*w - 15. Let p be r(-9). Let f be (p/(-14))/(2/(-14)). Suppose 0 = -2*z + 2 + 10. What is the greatest common divisor of f and z?
6
Let u(r) = -31*r + 12. Let d be u(7). Let i = -199 - d. What is the greatest common factor of 150 and i?
6
Let l(x) = -7*x**3 - 2*x**2 + 3. Let m be l(2). Let t = -40 - m. Let w = 301 + -196. Calculate the highest common divisor of t and w.
21
Suppose 32 = i + 30. Suppose i*u = -4*p + 1250, -4*u + 2*p + 0*p = -2520. Calculate the highest common divisor of u and 37.
37
Let m = -501 + 507. Let a be 2335*6/90 + 2/m. What is the greatest common divisor of 4 and a?
4
Let o(s) = s + 8. Let j be o(-5). Let h be 18 + (j - 2)/(-1). Suppose t - 127 = -f, 1012*t - 1009*t - 365 = -f. Calculate the greatest common factor of t and h.
17
Let w(d) = 3*d - 54. Let m be w(117). What is the highest common factor of 451 and m?
11
Let l(g) = -16*g + 852. Let w be l(52). Calculate the highest common divisor of 88 and w.
4
Suppose -3*m + 88142 = -178. What is the greatest common factor of 230 and m?
230
Let q be 3/(-4) + (-134875)/(-52). Suppose 0 = -4*c + 3023 + q. Suppose -4*t = 2*t - c. Calculate the highest common factor of t and 26.
26
Let s be (-204)/(-22) + 28/((-1848)/18). Calculate the greatest common factor of s and 3303.
9
Suppose -26 = -2*t + 34. Let v be (-5)/t*-2*9. Suppose -4*p + 2*l + 14 = 0, -4*l - 1 = -4*p + v. What is the highest common divisor of p and 66?
6
Suppose 387*v - 383*v - 888 = -4*o, 0 = 3*v + o - 664. What is the highest common factor of v and 3400?
17
Suppose 274*t = 306*t - 2912. What is the greatest common factor of t and 195?
13
Suppose -q + 0 = -6. Suppose -16 = -q*v + 8. Suppose v*w = -5*u + 249, 0 = w - 1. Calculate the highest common divisor of 7 and u.
7
Let j = -1786 + 2220. Calculate the greatest common factor of j and 527.
31
Let h be (16/(-20))/(1/(-15)). Suppose -151*b + 446 + 1366 = 0. What is the greatest common divisor of b and h?
12
Let t(n) = n**2 - 3*n + 2. Let f be t(3). Suppose 63*c - 54 = 45*c. Suppose 5*o - f*h = 0, -3*o + 0*o - c*h = -21. What is the highest common factor of o and 4?
2
Let a(v) = -67*v + 21. Let z be a(-7). Suppose -z = 213*h - 215*h. Calculate the highest common divisor of h and 14.
7
Suppose -2*j = 5*c + 3118, 4*c = 82*j - 86*j - 2492. Let a = -606 - c. What is the greatest common divisor of 204 and a?
6
Let o(w) = -9 + 87*w - 43*w - 89*w. Let v be o(-1). What is the greatest common factor of v and 24?
12
Let n(p) = 24*p**2. Let v be n(-2). Let m(o) = -o**2 - 417*o - 16400. Let h be m(-44). Calculate the highest common factor of v and h.
12
Let n be (-1328)/144 - 6/(-27). Let k(h) = -1 - h + 6 - 6. Let v be k(n). What is the greatest common factor of v and 152?
8
Suppose 8*w = 53 + 83. Let d = w - -47. Calculate the highest common factor of 8 and d.
8
Let t be 2/30*(1 - -506) + 360/300. Calculate the greatest common factor of t and 20.
5
Suppose -4*q - k = -611, -117*q = -115*q + 2*k - 298. Calculate the greatest common divisor of 418 and q.
22
Let v(s) = 170*s - 1. Let t be v(1). Suppose -t*h + 170*h = 180. Calculate the highest common factor of 20 and h.
20
Let p(f) = -f**2 - 4*f + 1. Let z be p(-4). Let q(c) = -c**3 - 21*c**2 + 309*c - 14. Let a be q(-31). What is the greatest common factor of a and z?
1
Let n = 11765 + -11646. What is the highest common divisor of n and 9877?
119
Let v = 37 + -35. Suppose -v*y = -10*y + y. Let f be (-1 - (8 + -2))/(-1 + y). What is the greatest common factor of 49 and f?
7
Let f(u) = 58*u**2 + 106*u - 8. Let p be f(-2). Calculate the highest common factor of p and 4308.
12
Let i(a) = -109*a**2 - 440*a + 3. Let w be i(-4). Calculate the greatest common factor of w and 31844.
19
Let x(s) = -21*s**3 - 92*s - 93. Let i be x(-1). What is the highest common divisor of 220 and i?
20
Let c be (195/2)/((-6)/(-8)). Let o be (-13*7)/((-4648)/1328). Calculate the greatest common divisor of c and o.
26
Let x be 92*(-487)/(-50) - (8 - (-990)/(-125)). Calculate the greatest common factor of 2912 and x.
224
Suppose -2*j = 3*d - 3*j - 27, -4*d - 5*j + 17 = 0. Let w be 8/(-3)*(7 + (-66)/12). Let u be w*(25/(-20))/5. Calculate the greatest common factor of d and u.
1
Suppose 0 = -13*r + 70 - 31. Suppose 0 = -q + r, 109 = 4*k + 2*q - 3*q. Calculate the greatest common divisor of k and 238.
14
Let j = 39 + -34. Suppose 4*v - j*t = -164, 2*v = -2*v - 4*t - 200. Let a = v + 58. What is the greatest common factor of a and 48?
12
Suppose 205*p = 219*p - 798. Calculate the greatest common divisor of 114 and p.
57
Suppose 24*y - 33*y + 1458 = 0. Let s(z) = -2*z. Let h be s(0). Suppose -3*x + 1 - 13 = 0, h = -2*d + 5*x + 56. What is the greatest common divisor of d and y?
18
Let s(l) = -305*l**2 + 2484*l - 33. Let n be s(8). Let j = -11 + 22. What is the greatest common divisor of n and j?
11
Let d be (-2 + 6)/(-5*(-10)/175). Suppose d*t - 32 = 6*t. Suppose 117 = t*v + 4*a + 37, -3*v + 56 = 5*a. Calculate the highest common divisor of 11 and v.
11
Suppose w + 324 = -g, -4*w - 2*g - 983 = 311. Let q = 150 - 156. Let d be q/8 + w/(-4). What is the greatest common divisor of d and 20?
20
Suppose -5*c = 4*j - 439, -3*j - 202 = -2*c - 560. Calculate the highest common factor of 6 and j.
2
Let z be -1 - 17/(-34)*2786. Calculate the greatest common factor of 168 and z.
24
Suppose 3*h + 0*j + 5*j = 6, 5*j = 5*h - 50. Suppose -h*p = 9*p - 96. Let g be (p/10)/(595/(-150) + 4). Calculate the highest common factor of g and 12.
6
Suppose 3*v + 7 = 19. Suppose 3*d + 42 = -4*c, -v*c - 51 + 7 = 2*d. Let g be (-5)/((-15)/c)*-28. What is the greatest common factor of g and 28?
28
Let v be 0/(1/6 + (-35)/30). Suppose 5*f + f - 12 = v. Let d be (20/6)/(1*f/63). Calculate the highest common divisor of 21 and d.
21
Let m(a) = -104*a - 11734. Let w be m(-113). Suppose 3*k = 5*k - 90. Calculate the highest common divisor of w and k.
9
Suppose -j + 62*j - 16*j = 900. Suppose -d + 185 = 2*u - 7*u, -5*d - 5*u + 895 = 0. Calculate the highest common factor of j and d.
20
Let v = 1740 + -480. Suppose v = w + 34*w. Calculate the greatest common divisor of w and 228.
12
Let b be (46/3)/(1 - 161/147). Let y = -7 - b. Let s be 56/6*9/6. Calculate the greatest common divisor of s and y.
14
Let m(z) = 2*z**3 + 46*z**2 - 5*z - 7. Let a be m(-23). What is the highest common factor of 1755 and a?
27
Let i(x) = -74*x + 193. Let k be i(2). Calculate the greatest common factor of 160 and k.
5
Let i be (1*(-3)/(-6))/((-1)/(-70)). Suppose -222 = -7*g + 3*g - 2*n, -4*g + 243 = -5*n. Let m = g - i. Calculate the greatest common divisor of m and 176.
22
Let r(w) = -2*w**3 + 22*w**2 + 36*w + 88. Let u be r(12). What is the greatest common factor of 10498 and u?
58
Suppose -18*i - 51497 = 91*i - 154284. What is the